{"id":6371,"date":"2026-01-18T22:51:45","date_gmt":"2026-01-18T21:51:45","guid":{"rendered":"https:\/\/www.adaje.ch\/wordpress\/?post_type=tribe_events&#038;p=6371"},"modified":"2026-01-24T17:07:01","modified_gmt":"2026-01-24T16:07:01","slug":"du-vieux-chene-de-perreux-aux-jeunes-chenes-de-boudry","status":"publish","type":"tribe_events","link":"https:\/\/www.adaje.ch\/wordpress\/evenement\/du-vieux-chene-de-perreux-aux-jeunes-chenes-de-boudry\/","title":{"rendered":"Du vieux ch\u00eane de Perreux aux jeunes ch\u00eanes de Boudry"},"content":{"rendered":"<h4>D\u00e9couverte de l\u2019histoire et de quelques particularit\u00e9s des for\u00eats de la r\u00e9gion<\/h4>\n<p><b>Rendez-vous: <\/b>13 h 30, Centre forestier de la Montagne de Boudry&nbsp;<\/p>\n<p><b>Pr\u00e9cisions:<\/b> Excursion d\u2019environ 3 km sur chemins et sentiers forestiers sans difficult\u00e9 particuli\u00e8re. V\u00eatements et chaussures adapt\u00e9s.<\/p>\n<p><strong>Prix de l\u2019excursion<\/strong>: 10 CHF \u00e0 payer sur place; 5 CHF pour les \u00e9tudiantes et \u00e9tudiants<\/p>\n<p>D\u00e9placement en covoiturage: 40 ct\/km; L\u2019utilisation des voitures priv\u00e9es engage l\u2019assurance RC des d\u00e9tentrices et d\u00e9tenteurs, ainsi que des conductrices ou conducteurs.<br \/>\nAssurance: l\u2019ADAJE d\u00e9cline toute responsabilit\u00e9 en cas d\u2019accident.<br \/>\nLes personnes participantes doivent \u00eatre couvertes par leur propre assurance.<\/p>\n","protected":false},"excerpt":{"rendered":"<p>D\u00e9couverte de l\u2019histoire et de quelques particularit\u00e9s des for\u00eats de la r\u00e9gion Rendez-vous: 13 h 30, Centre forestier de la Montagne de Boudry&nbsp; Pr\u00e9cisions: Excursion d\u2019environ 3 km sur chemins [&hellip;]<\/p>\n","protected":false},"author":5,"featured_media":6389,"template":"","meta":{"ngg_post_thumbnail":0,"_price":"","_stock":"","_tribe_ticket_header":"","_tribe_default_ticket_provider":"TEC\\Tickets\\Commerce\\Module","_tribe_ticket_capacity":"0","_ticket_start_date":"","_ticket_end_date":"","_tribe_ticket_show_description":"","_tribe_ticket_show_not_going":false,"_tribe_ticket_use_global_stock":"","_tribe_ticket_global_stock_level":"","_global_stock_mode":"","_global_stock_cap":"","_tribe_rsvp_for_event":"","_tribe_ticket_going_count":"","_tribe_ticket_not_going_count":"","_tribe_tickets_list":"[]","_tribe_ticket_has_attendee_info_fields":false,"_tribe_events_status":"","_tribe_events_status_reason":"","footnotes":"","_tec_slr_enabled":"","_tec_slr_layout":""},"tags":[],"tribe_events_cat":[],"class_list":["post-6371","tribe_events","type-tribe_events","status-publish","has-post-thumbnail","hentry"],"ticketed":["rsvp"],"_links":{"self":[{"href":"https:\/\/www.adaje.ch\/wordpress\/wp-json\/wp\/v2\/tribe_events\/6371","targetHints":{"allow":["GET"]}}],"collection":[{"href":"https:\/\/www.adaje.ch\/wordpress\/wp-json\/wp\/v2\/tribe_events"}],"about":[{"href":"https:\/\/www.adaje.ch\/wordpress\/wp-json\/wp\/v2\/types\/tribe_events"}],"author":[{"embeddable":true,"href":"https:\/\/www.adaje.ch\/wordpress\/wp-json\/wp\/v2\/users\/5"}],"version-history":[{"count":3,"href":"https:\/\/www.adaje.ch\/wordpress\/wp-json\/wp\/v2\/tribe_events\/6371\/revisions"}],"predecessor-version":[{"id":6432,"href":"https:\/\/www.adaje.ch\/wordpress\/wp-json\/wp\/v2\/tribe_events\/6371\/revisions\/6432"}],"wp:featuredmedia":[{"embeddable":true,"href":"https:\/\/www.adaje.ch\/wordpress\/wp-json\/wp\/v2\/media\/6389"}],"wp:attachment":[{"href":"https:\/\/www.adaje.ch\/wordpress\/wp-json\/wp\/v2\/media?parent=6371"}],"wp:term":[{"taxonomy":"post_tag","embeddable":true,"href":"https:\/\/www.adaje.ch\/wordpress\/wp-json\/wp\/v2\/tags?post=6371"},{"taxonomy":"tribe_events_cat","embeddable":true,"href":"https:\/\/www.adaje.ch\/wordpress\/wp-json\/wp\/v2\/tribe_events_cat?post=6371"}],"curies":[{"name":"wp","href":"https:\/\/api.w.org\/{rel}","templated":true}]}}

Du vieux chêne de Perreux aux jeunes chênes de Boudry

<h4>Découverte de l’histoire et de quelques particularités des forêts de la région</h4>
<p><b>Rendez-vous: </b>13 h 30, Centre forestier de la Montagne de Boudry&nbsp;</p>
<p><b>Précisions:</b> Excursion d’environ 3 km sur chemins et sentiers forestiers sans difficulté particulière. Vêtements et chaussures adaptés.</p>
<p><strong>Prix de l’excursion</strong>: 10 CHF à payer sur place; 5 CHF pour les étudiantes et étudiants</p>
<p>Déplacement en covoiturage: 40 ct/km; L’utilisation des voitures privées engage l’assurance RC des détentrices et détenteurs, ainsi que des conductrices ou conducteurs.<br />
Assurance: l’ADAJE décline toute responsabilité en cas d’accident.<br />
Les personnes participantes doivent être couvertes par leur propre assurance.</p>

<p>Découverte de l’histoire et de quelques particularités des forêts de la région Rendez-vous: 13 h 30, Centre forestier de la Montagne de Boudry&nbsp; Précisions: Excursion d’environ 3 km sur chemins [&hellip;]</p>
