{"id":6350,"date":"2026-01-18T22:34:08","date_gmt":"2026-01-18T21:34:08","guid":{"rendered":"https:\/\/www.adaje.ch\/wordpress\/?post_type=tribe_events&#038;p=6350"},"modified":"2026-01-24T17:02:35","modified_gmt":"2026-01-24T16:02:35","slug":"flore-vegetation-et-milieux-naturels-y-c-oiseaux-mammiferes-dans-la-region-de-loeche-la-gemmi","status":"publish","type":"tribe_events","link":"https:\/\/www.adaje.ch\/wordpress\/evenement\/flore-vegetation-et-milieux-naturels-y-c-oiseaux-mammiferes-dans-la-region-de-loeche-la-gemmi\/","title":{"rendered":"Flore, v\u00e9g\u00e9tation et milieux naturels (y.c. oiseaux, mammif\u00e8res) dans la r\u00e9gion de Lo\u00e8che &#8211; La Gemmi"},"content":{"rendered":"<p><b>Rendez-vous: <\/b>samedi 7h00, Parking du Jardin botanique<span class=\"Apple-converted-space\">&nbsp;<\/span><\/p>\n<p><b>Prix&nbsp;: <\/b>CHF<b> <\/b>60-75.- pour la nuit \u00e0 l\u2019h\u00f4tel (Haus Rhodania, Albinen), CHF 15.-pour la fondue du samedi soir et CHF 20.- pour l\u2019organisation, participation aux frais de d\u00e9placements en voiture (40 cts\/km).<\/p>\n<p><b>Pr\u00e9cisions&nbsp;:<\/b> Retour le dimanche en fin de journ\u00e9e<\/p>\n<p>Equipement pour la marche n\u00e9cessaire et 2 pique-niques \u00e0 pr\u00e9voir. Les d\u00e9placements se feront avec 3 voitures priv\u00e9es si possible. Des pr\u00e9cisions (programme) parviendront ult\u00e9rieurement. Les inscriptions sont provisoires et deviendront d\u00e9finitives avec le paiement du logis fin mai.&nbsp;Renseignements suppl\u00e9mentaires au 079 533 27 66 (Fran\u00e7ois Frel\u00e9choux).<\/p>\n","protected":false},"excerpt":{"rendered":"<p>Rendez-vous: samedi 7h00, Parking du Jardin botanique&nbsp; Prix&nbsp;: CHF 60-75.- pour la nuit \u00e0 l\u2019h\u00f4tel (Haus Rhodania, Albinen), CHF 15.-pour la fondue du samedi soir et CHF 20.- pour l\u2019organisation, [&hellip;]<\/p>\n","protected":false},"author":5,"featured_media":6385,"template":"","meta":{"ngg_post_thumbnail":0,"_price":"","_stock":"","_tribe_ticket_header":"","_tribe_default_ticket_provider":"TEC\\Tickets\\Commerce\\Module","_tribe_ticket_capacity":"0","_ticket_start_date":"","_ticket_end_date":"","_tribe_ticket_show_description":"","_tribe_ticket_show_not_going":false,"_tribe_ticket_use_global_stock":"","_tribe_ticket_global_stock_level":"","_global_stock_mode":"","_global_stock_cap":"","_tribe_rsvp_for_event":"","_tribe_ticket_going_count":"","_tribe_ticket_not_going_count":"","_tribe_tickets_list":"[]","_tribe_ticket_has_attendee_info_fields":false,"_tribe_events_status":"","_tribe_events_status_reason":"","footnotes":"","_tec_slr_enabled":"","_tec_slr_layout":""},"tags":[],"tribe_events_cat":[],"class_list":["post-6350","tribe_events","type-tribe_events","status-publish","has-post-thumbnail","hentry"],"ticketed":["rsvp"],"_links":{"self":[{"href":"https:\/\/www.adaje.ch\/wordpress\/wp-json\/wp\/v2\/tribe_events\/6350","targetHints":{"allow":["GET"]}}],"collection":[{"href":"https:\/\/www.adaje.ch\/wordpress\/wp-json\/wp\/v2\/tribe_events"}],"about":[{"href":"https:\/\/www.adaje.ch\/wordpress\/wp-json\/wp\/v2\/types\/tribe_events"}],"author":[{"embeddable":true,"href":"https:\/\/www.adaje.ch\/wordpress\/wp-json\/wp\/v2\/users\/5"}],"version-history":[{"count":4,"href":"https:\/\/www.adaje.ch\/wordpress\/wp-json\/wp\/v2\/tribe_events\/6350\/revisions"}],"predecessor-version":[{"id":6426,"href":"https:\/\/www.adaje.ch\/wordpress\/wp-json\/wp\/v2\/tribe_events\/6350\/revisions\/6426"}],"wp:featuredmedia":[{"embeddable":true,"href":"https:\/\/www.adaje.ch\/wordpress\/wp-json\/wp\/v2\/media\/6385"}],"wp:attachment":[{"href":"https:\/\/www.adaje.ch\/wordpress\/wp-json\/wp\/v2\/media?parent=6350"}],"wp:term":[{"taxonomy":"post_tag","embeddable":true,"href":"https:\/\/www.adaje.ch\/wordpress\/wp-json\/wp\/v2\/tags?post=6350"},{"taxonomy":"tribe_events_cat","embeddable":true,"href":"https:\/\/www.adaje.ch\/wordpress\/wp-json\/wp\/v2\/tribe_events_cat?post=6350"}],"curies":[{"name":"wp","href":"https:\/\/api.w.org\/{rel}","templated":true}]}}

Flore, végétation et milieux naturels (y.c. oiseaux, mammifères) dans la région de Loèche &#8211; La Gemmi

<p><b>Rendez-vous: </b>samedi 7h00, Parking du Jardin botanique<span class="Apple-converted-space">&nbsp;</span></p>
<p><b>Prix&nbsp;: </b>CHF<b> </b>60-75.- pour la nuit à l’hôtel (Haus Rhodania, Albinen), CHF 15.-pour la fondue du samedi soir et CHF 20.- pour l’organisation, participation aux frais de déplacements en voiture (40 cts/km).</p>
<p><b>Précisions&nbsp;:</b> Retour le dimanche en fin de journée</p>
<p>Equipement pour la marche nécessaire et 2 pique-niques à prévoir. Les déplacements se feront avec 3 voitures privées si possible. Des précisions (programme) parviendront ultérieurement. Les inscriptions sont provisoires et deviendront définitives avec le paiement du logis fin mai.&nbsp;Renseignements supplémentaires au 079 533 27 66 (François Freléchoux).</p>

<p>Rendez-vous: samedi 7h00, Parking du Jardin botanique&nbsp; Prix&nbsp;: CHF 60-75.- pour la nuit à l’hôtel (Haus Rhodania, Albinen), CHF 15.-pour la fondue du samedi soir et CHF 20.- pour l’organisation, [&hellip;]</p>
