{"id":6339,"date":"2026-01-18T22:23:29","date_gmt":"2026-01-18T21:23:29","guid":{"rendered":"https:\/\/www.adaje.ch\/wordpress\/?post_type=tribe_events&#038;p=6339"},"modified":"2026-01-24T16:59:14","modified_gmt":"2026-01-24T15:59:14","slug":"flore-du-jura-pres-de-tete-de-ran","status":"publish","type":"tribe_events","link":"https:\/\/www.adaje.ch\/wordpress\/evenement\/flore-du-jura-pres-de-tete-de-ran\/","title":{"rendered":"Flore du Jura pr\u00e8s de T\u00eate-de-Ran"},"content":{"rendered":"<h4>Possibilit\u00e9 de voir quelques orchid\u00e9es (Orchis br\u00fbl\u00e9 : <i>Orchis ustulata<\/i>) et des digitales.<\/h4>\n<p><b>Rendez-vous: <\/b>13 h 30, Parking de T\u00eate-de-Ran (du co-voiturage sera organis\u00e9 la semaine avant l\u2019excursion).<\/p>\n<p><b>Pr\u00e9cisions: <\/b>Chaussures de marche, \u00e9quipement adapt\u00e9 \u00e0 la m\u00e9t\u00e9o, loupe, boisson, en-cas.<\/p>\n<p><strong>Prix de l\u2019excursion<\/strong>: 10 CHF \u00e0 payer sur place; 5 CHF pour les \u00e9tudiantes et \u00e9tudiants<\/p>\n<p>D\u00e9placement en covoiturage: 40 ct\/km; L\u2019utilisation des voitures priv\u00e9es engage l\u2019assurance RC des d\u00e9tentrices et d\u00e9tenteurs, ainsi que des conductrices ou conducteurs.<br \/>\nAssurance: l\u2019ADAJE d\u00e9cline toute responsabilit\u00e9 en cas d\u2019accident.<br \/>\nLes personnes participantes doivent \u00eatre couvertes par leur propre assurance.<\/p>\n","protected":false},"excerpt":{"rendered":"<p>Possibilit\u00e9 de voir quelques orchid\u00e9es (Orchis br\u00fbl\u00e9 : Orchis ustulata) et des digitales. Rendez-vous: 13 h 30, Parking de T\u00eate-de-Ran (du co-voiturage sera organis\u00e9 la semaine avant l\u2019excursion). Pr\u00e9cisions: Chaussures [&hellip;]<\/p>\n","protected":false},"author":5,"featured_media":6388,"template":"","meta":{"ngg_post_thumbnail":0,"_price":"","_stock":"","_tribe_ticket_header":"","_tribe_default_ticket_provider":"TEC\\Tickets\\Commerce\\Module","_tribe_ticket_capacity":"0","_ticket_start_date":"","_ticket_end_date":"","_tribe_ticket_show_description":"","_tribe_ticket_show_not_going":false,"_tribe_ticket_use_global_stock":"","_tribe_ticket_global_stock_level":"","_global_stock_mode":"","_global_stock_cap":"","_tribe_rsvp_for_event":"","_tribe_ticket_going_count":"","_tribe_ticket_not_going_count":"","_tribe_tickets_list":"[]","_tribe_ticket_has_attendee_info_fields":false,"_tribe_events_status":"","_tribe_events_status_reason":"","footnotes":"","_tec_slr_enabled":"","_tec_slr_layout":""},"tags":[],"tribe_events_cat":[],"class_list":["post-6339","tribe_events","type-tribe_events","status-publish","has-post-thumbnail","hentry"],"ticketed":["rsvp"],"_links":{"self":[{"href":"https:\/\/www.adaje.ch\/wordpress\/wp-json\/wp\/v2\/tribe_events\/6339","targetHints":{"allow":["GET"]}}],"collection":[{"href":"https:\/\/www.adaje.ch\/wordpress\/wp-json\/wp\/v2\/tribe_events"}],"about":[{"href":"https:\/\/www.adaje.ch\/wordpress\/wp-json\/wp\/v2\/types\/tribe_events"}],"author":[{"embeddable":true,"href":"https:\/\/www.adaje.ch\/wordpress\/wp-json\/wp\/v2\/users\/5"}],"version-history":[{"count":2,"href":"https:\/\/www.adaje.ch\/wordpress\/wp-json\/wp\/v2\/tribe_events\/6339\/revisions"}],"predecessor-version":[{"id":6424,"href":"https:\/\/www.adaje.ch\/wordpress\/wp-json\/wp\/v2\/tribe_events\/6339\/revisions\/6424"}],"wp:featuredmedia":[{"embeddable":true,"href":"https:\/\/www.adaje.ch\/wordpress\/wp-json\/wp\/v2\/media\/6388"}],"wp:attachment":[{"href":"https:\/\/www.adaje.ch\/wordpress\/wp-json\/wp\/v2\/media?parent=6339"}],"wp:term":[{"taxonomy":"post_tag","embeddable":true,"href":"https:\/\/www.adaje.ch\/wordpress\/wp-json\/wp\/v2\/tags?post=6339"},{"taxonomy":"tribe_events_cat","embeddable":true,"href":"https:\/\/www.adaje.ch\/wordpress\/wp-json\/wp\/v2\/tribe_events_cat?post=6339"}],"curies":[{"name":"wp","href":"https:\/\/api.w.org\/{rel}","templated":true}]}}

Flore du Jura près de Tête-de-Ran

<h4>Possibilité de voir quelques orchidées (Orchis brûlé : <i>Orchis ustulata</i>) et des digitales.</h4>
<p><b>Rendez-vous: </b>13 h 30, Parking de Tête-de-Ran (du co-voiturage sera organisé la semaine avant l’excursion).</p>
<p><b>Précisions: </b>Chaussures de marche, équipement adapté à la météo, loupe, boisson, en-cas.</p>
<p><strong>Prix de l’excursion</strong>: 10 CHF à payer sur place; 5 CHF pour les étudiantes et étudiants</p>
<p>Déplacement en covoiturage: 40 ct/km; L’utilisation des voitures privées engage l’assurance RC des détentrices et détenteurs, ainsi que des conductrices ou conducteurs.<br />
Assurance: l’ADAJE décline toute responsabilité en cas d’accident.<br />
Les personnes participantes doivent être couvertes par leur propre assurance.</p>

<p>Possibilité de voir quelques orchidées (Orchis brûlé : Orchis ustulata) et des digitales. Rendez-vous: 13 h 30, Parking de Tête-de-Ran (du co-voiturage sera organisé la semaine avant l’excursion). Précisions: Chaussures [&hellip;]</p>
