{"id":158,"date":"2015-07-09T10:18:38","date_gmt":"2015-07-09T09:18:38","guid":{"rendered":"http:\/\/lisajoly.myhostpoint.ch\/wordpress_ljoly\/?page_id=158"},"modified":"2026-06-11T17:55:17","modified_gmt":"2026-06-11T15:55:17","slug":"devenir-membre","status":"publish","type":"page","link":"https:\/\/www.adaje.ch\/wordpress\/devenir-membre\/","title":{"rendered":"Devenir membre de l\u2019ADAJE"},"content":{"rendered":"\n<blockquote class=\"wp-block-quote is-layout-flow wp-block-quote-is-layout-flow\">\n<p class=\"my-2 [&amp;+p]:mt-4 [&amp;_strong:has(+br)]:inline-block [&amp;_strong:has(+br)]:align-top wp-block-paragraph\">Pour devenir membre, veuillez remplir le bulletin d\u2019adh\u00e9sion, puis l\u2019envoyer \u00e0 <a class=\"reset interactable cursor-pointer decoration-1 underline-offset-1 text-super hover:underline\" href=\"mailto:info@adaje.ch\" target=\"_blank\" rel=\"nofollow noopener\"><span class=\"text-box-trim-both\">info@adaje.ch<\/span><\/a>. Merci \u00e9galement de r\u00e9gler la cotisation \u00e0 l\u2019aide du bulletin de versement.<\/p>\n<\/blockquote>\n\n\n\n<p class=\"wp-block-paragraph\"><strong>Bulletin d\u2019adh\u00e9sion :<\/strong> <a class=\"reset interactable cursor-pointer decoration-1 underline-offset-1 text-super hover:underline\" href=\"http:\/\/www.adaje.ch\/wordpress\/wp-content\/uploads\/2024\/11\/Adhesion_ADAJE-bulletin.pdf\" target=\"_blank\" rel=\"nofollow noopener\"><span class=\"text-box-trim-both\">T\u00e9l\u00e9charger le formulaire PDF<\/span><\/a><\/p>\n\n\n\n<p class=\"wp-block-paragraph\"><strong>Adh\u00e9rer \u00e0 l\u2019ADAJE, c\u2019est<\/strong><\/p>\n\n\n\n<p class=\"wp-block-paragraph\"><strong>Favoriser le d\u00e9veloppement d\u2019une culture du vivant:<\/strong><\/p>\n\n\n\n<ul class=\"wp-block-list\">\n<li>Apprendre \u00e0 voir le vivant autour de nous\u00a0;<\/li>\n\n\n\n<li>D\u00e9velopper nos connaissances botaniques et \u00e9cologiques\u00a0;<\/li>\n\n\n\n<li>D\u00e9velopper notre sensibilit\u00e9 au vivant\u00a0;<\/li>\n\n\n\n<li>Faire appel au pouvoir de l\u2019\u00e9merveillement.<\/li>\n<\/ul>\n\n\n\n<p class=\"wp-block-paragraph\"><strong>Soutenir le Jardin botanique dans ses multiples missions, notamment:<\/strong><\/p>\n\n\n\n<ul class=\"wp-block-list\">\n<li><strong>Education \u00e0 l\u2019environnement<\/strong><br>Lieu exceptionnel par la richesse de ses milieux naturels, le Jardin botanique organise des expositions scientifiques, permanentes ou temporaires, accessibles \u00e0 un large public.<\/li>\n\n\n\n<li><strong>Protection des esp\u00e8ces<\/strong><br>Tr\u00e8s actif dans la conservation de notre patrimoine, le Jardin botanique participe aux travaux de la <em>Coordination r\u00e9gionale pour la protection de la flore. <\/em>Celle-ci \u00e9labore des plans d\u2019action pour les esp\u00e8ces prot\u00e9g\u00e9es et menac\u00e9es ou rares en Suisse et dans les r\u00e9gions limitrophes.<\/li>\n\n\n\n<li><strong>Missions scientifiques<\/strong><br>Le Jardin botanique apporte un soutien indispensable \u00e0 la recherche et \u00e0 l\u2019enseignement universitaires par la culture de plantes dans ses serres et son jardin exp\u00e9rimental pour les enseignements de botanique et la recherche en biologie.<\/li>\n\n\n\n<li><strong>Lieu de formation<\/strong><br>Centre de comp\u00e9tences pour la formation des horticulteurs en plantes vivaces, le Jardin botanique organise aussi des ateliers de jardinage aux particuliers.<\/li>\n\n\n\n<li><strong>R\u00f4le social<\/strong><br>Par l\u2019accueil de personnes d\u00e9pendant des services sociaux et de l\u2019assurance-ch\u00f4mage, ainsi que de civilistes, stagiaires et b\u00e9n\u00e9voles, le Jardin botanique joue un r\u00f4le social.<\/li>\n\n\n\n<li><strong>Expertises en botanique et en jardinage<\/strong><br>Le Jardin botanique r\u00e9pond volontiers aux questions des particuliers et des m\u00e9dias.<\/li>\n\n\n\n<li><strong>Gestion \u00e9cologique responsable<\/strong><br>Le Jardin botanique utilise essentiellement des produits agr\u00e9\u00e9s par la culture et la lutte biologiques.<\/li>\n\n\n\n<li><strong>R\u00e9seau au service de projets novateurs<\/strong><br>Par sa participation \u00e0 plusieurs r\u00e9seaux correspondant \u00e0 ses missions, le Jardin botanique joue un r\u00f4le actif dans la conservation des esp\u00e8ces et la formation professionnelle.<\/li>\n<\/ul>\n\n\n\n<p class=\"wp-block-paragraph\"><em>Source: prospectus \u00abDix bonnes raisons de sauvegarder le Jardin botanique\u00bb<\/em><\/p>\n\n\n\n<p class=\"wp-block-paragraph\"><\/p>\n","protected":false},"excerpt":{"rendered":"<p>Pour devenir membre, veuillez remplir le bulletin d\u2019adh\u00e9sion, puis l\u2019envoyer \u00e0 info@adaje.ch. Merci \u00e9galement de r\u00e9gler la cotisation \u00e0 l\u2019aide du bulletin de versement. Bulletin d\u2019adh\u00e9sion : T\u00e9l\u00e9charger le formulaire [&hellip;]<\/p>\n","protected":false},"author":5,"featured_media":0,"parent":0,"menu_order":6,"comment_status":"closed","ping_status":"open","template":"","meta":{"ngg_post_thumbnail":0,"_price":"","_stock":"","_tribe_ticket_header":"","_tribe_default_ticket_provider":"","_tribe_ticket_capacity":"0","_ticket_start_date":"","_ticket_end_date":"","_tribe_ticket_show_description":"","_tribe_ticket_show_not_going":false,"_tribe_ticket_use_global_stock":"","_tribe_ticket_global_stock_level":"","_global_stock_mode":"","_global_stock_cap":"","_tribe_rsvp_for_event":"","_tribe_ticket_going_count":"","_tribe_ticket_not_going_count":"","_tribe_tickets_list":"[]","_tribe_ticket_has_attendee_info_fields":false,"footnotes":"","_tec_slr_enabled":"","_tec_slr_layout":""},"class_list":["post-158","page","type-page","status-publish","hentry"],"ticketed":false,"_links":{"self":[{"href":"https:\/\/www.adaje.ch\/wordpress\/wp-json\/wp\/v2\/pages\/158","targetHints":{"allow":["GET"]}}],"collection":[{"href":"https:\/\/www.adaje.ch\/wordpress\/wp-json\/wp\/v2\/pages"}],"about":[{"href":"https:\/\/www.adaje.ch\/wordpress\/wp-json\/wp\/v2\/types\/page"}],"author":[{"embeddable":true,"href":"https:\/\/www.adaje.ch\/wordpress\/wp-json\/wp\/v2\/users\/5"}],"replies":[{"embeddable":true,"href":"https:\/\/www.adaje.ch\/wordpress\/wp-json\/wp\/v2\/comments?post=158"}],"version-history":[{"count":8,"href":"https:\/\/www.adaje.ch\/wordpress\/wp-json\/wp\/v2\/pages\/158\/revisions"}],"predecessor-version":[{"id":6645,"href":"https:\/\/www.adaje.ch\/wordpress\/wp-json\/wp\/v2\/pages\/158\/revisions\/6645"}],"wp:attachment":[{"href":"https:\/\/www.adaje.ch\/wordpress\/wp-json\/wp\/v2\/media?parent=158"}],"curies":[{"name":"wp","href":"https:\/\/api.w.org\/{rel}","templated":true}]}}

<blockquote class="wp-block-quote is-layout-flow wp-block-quote-is-layout-flow">
<p class="my-2 [&amp;+p]:mt-4 [&amp;_strong:has(+br)]:inline-block [&amp;_strong:has(+br)]:align-top wp-block-paragraph">Pour devenir membre, veuillez remplir le bulletin d’adhésion, puis l’envoyer à <a class="reset interactable cursor-pointer decoration-1 underline-offset-1 text-super hover:underline" href="mailto:info@adaje.ch" target="_blank" rel="nofollow noopener"><span class="text-box-trim-both">info@adaje.ch</span></a>. Merci également de régler la cotisation à l’aide du bulletin de versement.</p>
</blockquote>



<p class="wp-block-paragraph"><strong>Bulletin d’adhésion :</strong> <a class="reset interactable cursor-pointer decoration-1 underline-offset-1 text-super hover:underline" href="http://www.adaje.ch/wordpress/wp-content/uploads/2024/11/Adhesion_ADAJE-bulletin.pdf" target="_blank" rel="nofollow noopener"><span class="text-box-trim-both">Télécharger le formulaire PDF</span></a></p>



<p class="wp-block-paragraph"><strong>Adhérer à l’ADAJE, c’est</strong></p>



<p class="wp-block-paragraph"><strong>Favoriser le développement d’une culture du vivant:</strong></p>



<ul class="wp-block-list">
<li>Apprendre à voir le vivant autour de nous ;</li>



<li>Développer nos connaissances botaniques et écologiques ;</li>



<li>Développer notre sensibilité au vivant ;</li>



<li>Faire appel au pouvoir de l’émerveillement.</li>
</ul>



<p class="wp-block-paragraph"><strong>Soutenir le Jardin botanique dans ses multiples missions, notamment:</strong></p>



<ul class="wp-block-list">
<li><strong>Education à l’environnement</strong><br>Lieu exceptionnel par la richesse de ses milieux naturels, le Jardin botanique organise des expositions scientifiques, permanentes ou temporaires, accessibles à un large public.</li>



<li><strong>Protection des espèces</strong><br>Très actif dans la conservation de notre patrimoine, le Jardin botanique participe aux travaux de la <em>Coordination régionale pour la protection de la flore. </em>Celle-ci élabore des plans d’action pour les espèces protégées et menacées ou rares en Suisse et dans les régions limitrophes.</li>



<li><strong>Missions scientifiques</strong><br>Le Jardin botanique apporte un soutien indispensable à la recherche et à l’enseignement universitaires par la culture de plantes dans ses serres et son jardin expérimental pour les enseignements de botanique et la recherche en biologie.</li>



<li><strong>Lieu de formation</strong><br>Centre de compétences pour la formation des horticulteurs en plantes vivaces, le Jardin botanique organise aussi des ateliers de jardinage aux particuliers.</li>



<li><strong>Rôle social</strong><br>Par l’accueil de personnes dépendant des services sociaux et de l’assurance-chômage, ainsi que de civilistes, stagiaires et bénévoles, le Jardin botanique joue un rôle social.</li>



<li><strong>Expertises en botanique et en jardinage</strong><br>Le Jardin botanique répond volontiers aux questions des particuliers et des médias.</li>



<li><strong>Gestion écologique responsable</strong><br>Le Jardin botanique utilise essentiellement des produits agréés par la culture et la lutte biologiques.</li>



<li><strong>Réseau au service de projets novateurs</strong><br>Par sa participation à plusieurs réseaux correspondant à ses missions, le Jardin botanique joue un rôle actif dans la conservation des espèces et la formation professionnelle.</li>
</ul>



<p class="wp-block-paragraph"><em>Source: prospectus «Dix bonnes raisons de sauvegarder le Jardin botanique»</em></p>



<p class="wp-block-paragraph"></p>

<p>Pour devenir membre, veuillez remplir le bulletin d’adhésion, puis l’envoyer à info@adaje.ch. Merci également de régler la cotisation à l’aide du bulletin de versement. Bulletin d’adhésion : Télécharger le formulaire [&hellip;]</p>
