{"id":150,"date":"2015-07-09T10:17:54","date_gmt":"2015-07-09T09:17:54","guid":{"rendered":"http:\/\/lisajoly.myhostpoint.ch\/wordpress_ljoly\/?page_id=150"},"modified":"2021-05-07T09:54:35","modified_gmt":"2021-05-07T07:54:35","slug":"excursions","status":"publish","type":"page","link":"https:\/\/www.adaje.ch\/wordpress\/excursions\/","title":{"rendered":"Nos excursions"},"content":{"rendered":"<h2><a href=\"http:\/\/www.adaje.ch\/wordpress\/2020\/11\/15\/excursions-2021-a-suivre\/\">Programme des excursions 2021<\/a><\/h2>\n<h2><a href=\"http:\/\/www.adaje.ch\/wordpress\/2020\/02\/15\/excursions-2020\/\">Programme des excursions 2020<\/a><\/h2>\n<h2><a href=\"http:\/\/www.adaje.ch\/wordpress\/2019\/02\/25\/excursions-2019\/\">Programme des excursions 2019<\/a><\/h2>\n<h2><a href=\"http:\/\/www.adaje.ch\/wordpress\/wp-content\/uploads\/2018\/09\/Retrospective_excursions_2018_Ermite-herbu-57.pdf\">R\u00e9trospective des excursions_2018<\/a><\/h2>\n<h2><a href=\"http:\/\/www.adaje.ch\/wordpress\/2016\/12\/01\/retrospective-excursions-2017\/\">R\u00e9trospective des excursions 2017<\/a><\/h2>\n<h2><a href=\"http:\/\/www.adaje.ch\/wordpress\/2016\/10\/08\/retrospective-des-excursions-2016\/\">R\u00e9trospective des excursions 2016<\/a><\/h2>\n<h2><a href=\"http:\/\/www.adaje.ch\/wordpress\/2015\/11\/20\/retrospective-des-excursions-2015\/\">R\u00e9trospective des excursions 2015<\/a><\/h2>\n<h2><a href=\"http:\/\/www.adaje.ch\/wordpress\/2015\/09\/05\/retrospective-excursions-2014\/\">R\u00e9trospective des excursions 2014<\/a><\/h2>\n<p>&nbsp;<\/p>\n<h2>&nbsp;<\/h2>\n","protected":false},"excerpt":{"rendered":"<p>Programme des excursions 2021 Programme des excursions 2020 Programme des excursions 2019 R\u00e9trospective des excursions_2018 R\u00e9trospective des excursions 2017 R\u00e9trospective des excursions 2016 R\u00e9trospective des excursions 2015 R\u00e9trospective des excursions [&hellip;]<\/p>\n","protected":false},"author":5,"featured_media":0,"parent":0,"menu_order":5,"comment_status":"closed","ping_status":"closed","template":"","meta":{"ngg_post_thumbnail":0,"_price":"","_stock":"","_tribe_ticket_header":"","_tribe_default_ticket_provider":"","_tribe_ticket_capacity":"0","_ticket_start_date":"","_ticket_end_date":"","_tribe_ticket_show_description":"","_tribe_ticket_show_not_going":false,"_tribe_ticket_use_global_stock":"","_tribe_ticket_global_stock_level":"","_global_stock_mode":"","_global_stock_cap":"","_tribe_rsvp_for_event":"","_tribe_ticket_going_count":"","_tribe_ticket_not_going_count":"","_tribe_tickets_list":"[]","_tribe_ticket_has_attendee_info_fields":false,"footnotes":"","_tec_slr_enabled":"","_tec_slr_layout":""},"class_list":["post-150","page","type-page","status-publish","hentry"],"ticketed":false,"_links":{"self":[{"href":"https:\/\/www.adaje.ch\/wordpress\/wp-json\/wp\/v2\/pages\/150","targetHints":{"allow":["GET"]}}],"collection":[{"href":"https:\/\/www.adaje.ch\/wordpress\/wp-json\/wp\/v2\/pages"}],"about":[{"href":"https:\/\/www.adaje.ch\/wordpress\/wp-json\/wp\/v2\/types\/page"}],"author":[{"embeddable":true,"href":"https:\/\/www.adaje.ch\/wordpress\/wp-json\/wp\/v2\/users\/5"}],"replies":[{"embeddable":true,"href":"https:\/\/www.adaje.ch\/wordpress\/wp-json\/wp\/v2\/comments?post=150"}],"version-history":[{"count":23,"href":"https:\/\/www.adaje.ch\/wordpress\/wp-json\/wp\/v2\/pages\/150\/revisions"}],"predecessor-version":[{"id":1216,"href":"https:\/\/www.adaje.ch\/wordpress\/wp-json\/wp\/v2\/pages\/150\/revisions\/1216"}],"wp:attachment":[{"href":"https:\/\/www.adaje.ch\/wordpress\/wp-json\/wp\/v2\/media?parent=150"}],"curies":[{"name":"wp","href":"https:\/\/api.w.org\/{rel}","templated":true}]}}

<h2><a href="http://www.adaje.ch/wordpress/2020/11/15/excursions-2021-a-suivre/">Programme des excursions 2021</a></h2>
<h2><a href="http://www.adaje.ch/wordpress/2020/02/15/excursions-2020/">Programme des excursions 2020</a></h2>
<h2><a href="http://www.adaje.ch/wordpress/2019/02/25/excursions-2019/">Programme des excursions 2019</a></h2>
<h2><a href="http://www.adaje.ch/wordpress/wp-content/uploads/2018/09/Retrospective_excursions_2018_Ermite-herbu-57.pdf">Rétrospective des excursions_2018</a></h2>
<h2><a href="http://www.adaje.ch/wordpress/2016/12/01/retrospective-excursions-2017/">Rétrospective des excursions 2017</a></h2>
<h2><a href="http://www.adaje.ch/wordpress/2016/10/08/retrospective-des-excursions-2016/">Rétrospective des excursions 2016</a></h2>
<h2><a href="http://www.adaje.ch/wordpress/2015/11/20/retrospective-des-excursions-2015/">Rétrospective des excursions 2015</a></h2>
<h2><a href="http://www.adaje.ch/wordpress/2015/09/05/retrospective-excursions-2014/">Rétrospective des excursions 2014</a></h2>
<p>&nbsp;</p>
<h2>&nbsp;</h2>

<p>Programme des excursions 2021 Programme des excursions 2020 Programme des excursions 2019 Rétrospective des excursions_2018 Rétrospective des excursions 2017 Rétrospective des excursions 2016 Rétrospective des excursions 2015 Rétrospective des excursions [&hellip;]</p>
