{"id":127,"date":"2015-07-08T21:44:28","date_gmt":"2015-07-08T20:44:28","guid":{"rendered":"http:\/\/lisajoly.myhostpoint.ch\/wordpress_ljoly\/?page_id=127"},"modified":"2024-11-25T20:29:59","modified_gmt":"2024-11-25T19:29:59","slug":"lermite-herbu","status":"publish","type":"page","link":"https:\/\/www.adaje.ch\/wordpress\/lermite-herbu\/","title":{"rendered":"L\u2019Ermite herbu \u2013\u2013 notre revue biannuel"},"content":{"rendered":"\n<p class=\"wp-block-paragraph\">Lien entre le comit\u00e9 de l\u2019ADAJE et ses membres, le journal \u00abL\u2019Ermite herbu\u00bb para\u00eet deux fois par an, au printemps et en automne. Les lecteurs et lectrices y trouvent des articles vari\u00e9s consacr\u00e9s \u00e0 des sujets en rapport avec la nature ainsi que des nouvelles sur les activit\u00e9s propos\u00e9es par l\u2019association et le Jardin botanique.<\/p>\n\n\n\n<p class=\"wp-block-paragraph\">La palette des rubriques s\u2019\u00e9tend de l\u2019\u00e9ditorial aux clins d\u2019\u0153il photographiques, en passant par les contributions scientifiques (biodiversit\u00e9, ethnobotanique, botanique insolite, r\u00e9sultats de recherches universitaires, etc.), la pr\u00e9sentation des expositions temporaires et d\u2019ouvrages sur la flore et bien d\u2019autres th\u00e8mes encore.<\/p>\n\n\n\n<p class=\"wp-block-paragraph\">Un inventaire des \u00e9ditions d\u00e9j\u00e0 publi\u00e9es se trouve sous le lien suivant:\u00a0<a href=\"http:\/\/www.lermitage.ch\/ADAJE\" target=\"_blank\" rel=\"noreferrer noopener\">www.lermitage.ch\/ADAJE<\/a><\/p>\n\n\n\n<figure class=\"wp-block-gallery has-nested-images columns-default is-cropped wp-block-gallery-1 is-layout-flex wp-block-gallery-is-layout-flex\">\n<figure class=\"wp-block-image size-large\"><img decoding=\"async\" data-id=\"159\" src=\"https:\/\/eperexal.myhostpoint.ch\/wp-content\/uploads\/2022\/04\/ermite-herbur-63-septembre-2021.png\" alt=\"\" class=\"wp-image-159\"\/><\/figure>\n\n\n\n<figure class=\"wp-block-image size-large\"><img decoding=\"async\" data-id=\"158\" src=\"https:\/\/eperexal.myhostpoint.ch\/wp-content\/uploads\/2022\/04\/ermite-herbur-62-avril-2021.png\" alt=\"\" class=\"wp-image-158\"\/><\/figure>\n\n\n\n<figure class=\"wp-block-image size-large\"><img decoding=\"async\" data-id=\"157\" src=\"https:\/\/eperexal.myhostpoint.ch\/wp-content\/uploads\/2022\/04\/ermite-herbur-61-septembre-2020.png\" alt=\"\" class=\"wp-image-157\"\/><\/figure>\n\n\n\n<figure class=\"wp-block-image size-large\"><img decoding=\"async\" data-id=\"156\" src=\"https:\/\/eperexal.myhostpoint.ch\/wp-content\/uploads\/2022\/04\/ermite-herbur-60-avril-2020.png\" alt=\"\" class=\"wp-image-156\"\/><\/figure>\n\n\n\n<figure class=\"wp-block-image size-large\"><img decoding=\"async\" data-id=\"155\" src=\"https:\/\/eperexal.myhostpoint.ch\/wp-content\/uploads\/2022\/04\/ermite-herbu-59-septembre-2019.jpg\" alt=\"\" class=\"wp-image-155\"\/><\/figure>\n\n\n\n<figure class=\"wp-block-image size-large\"><img decoding=\"async\" data-id=\"154\" src=\"https:\/\/eperexal.myhostpoint.ch\/wp-content\/uploads\/2022\/04\/ermite-herbu-56-avril-2018.png\" alt=\"\" class=\"wp-image-154\"\/><\/figure>\n\n\n\n<figure class=\"wp-block-image size-large\"><img decoding=\"async\" data-id=\"153\" src=\"https:\/\/eperexal.myhostpoint.ch\/wp-content\/uploads\/2022\/04\/ermite-herbu-55-septembre-2017.png\" alt=\"\" class=\"wp-image-153\"\/><\/figure>\n\n\n\n<figure class=\"wp-block-image size-large\"><img decoding=\"async\" data-id=\"152\" src=\"https:\/\/eperexal.myhostpoint.ch\/wp-content\/uploads\/2022\/04\/ermite-herbu-54-avril-2017.png\" alt=\"\" class=\"wp-image-152\"\/><\/figure>\n\n\n\n<figure class=\"wp-block-image size-large\"><img decoding=\"async\" data-id=\"151\" src=\"https:\/\/eperexal.myhostpoint.ch\/wp-content\/uploads\/2022\/04\/ermite-herbu-53-septembre-2016.png\" alt=\"\" class=\"wp-image-151\"\/><\/figure>\n\n\n\n<figure class=\"wp-block-image size-large\"><img decoding=\"async\" data-id=\"150\" src=\"https:\/\/eperexal.myhostpoint.ch\/wp-content\/uploads\/2022\/04\/ermite-herbu-52-avril-2016.png\" alt=\"\" class=\"wp-image-150\"\/><\/figure>\n\n\n\n<figure class=\"wp-block-image size-large\"><img decoding=\"async\" data-id=\"149\" src=\"https:\/\/eperexal.myhostpoint.ch\/wp-content\/uploads\/2022\/04\/ermite-herbu-51-novembre-2015.png\" alt=\"\" class=\"wp-image-149\"\/><\/figure>\n<\/figure>\n\n\n\n<div class=\"wp-block-group\"><div class=\"wp-block-group__inner-container is-layout-flow wp-block-group-is-layout-flow\">\n<figure class=\"wp-block-gallery has-nested-images columns-default is-cropped wp-block-gallery-2 is-layout-flex wp-block-gallery-is-layout-flex\"><\/figure>\n\n\n\n<p class=\"wp-block-paragraph\"><\/p>\n<\/div><\/div>\n\n\n\n<p class=\"wp-block-paragraph\"><\/p>\n","protected":false},"excerpt":{"rendered":"<p>Lien entre le comit\u00e9 de l\u2019ADAJE et ses membres, le journal \u00abL\u2019Ermite herbu\u00bb para\u00eet deux fois par an, au printemps et en automne. Les lecteurs et lectrices y trouvent des [&hellip;]<\/p>\n","protected":false},"author":5,"featured_media":0,"parent":0,"menu_order":3,"comment_status":"closed","ping_status":"closed","template":"","meta":{"ngg_post_thumbnail":0,"_price":"","_stock":"","_tribe_ticket_header":"","_tribe_default_ticket_provider":"","_tribe_ticket_capacity":"0","_ticket_start_date":"","_ticket_end_date":"","_tribe_ticket_show_description":"","_tribe_ticket_show_not_going":false,"_tribe_ticket_use_global_stock":"","_tribe_ticket_global_stock_level":"","_global_stock_mode":"","_global_stock_cap":"","_tribe_rsvp_for_event":"","_tribe_ticket_going_count":"","_tribe_ticket_not_going_count":"","_tribe_tickets_list":"[]","_tribe_ticket_has_attendee_info_fields":false,"footnotes":"","_tec_slr_enabled":"","_tec_slr_layout":""},"class_list":["post-127","page","type-page","status-publish","hentry"],"ticketed":false,"_links":{"self":[{"href":"https:\/\/www.adaje.ch\/wordpress\/wp-json\/wp\/v2\/pages\/127","targetHints":{"allow":["GET"]}}],"collection":[{"href":"https:\/\/www.adaje.ch\/wordpress\/wp-json\/wp\/v2\/pages"}],"about":[{"href":"https:\/\/www.adaje.ch\/wordpress\/wp-json\/wp\/v2\/types\/page"}],"author":[{"embeddable":true,"href":"https:\/\/www.adaje.ch\/wordpress\/wp-json\/wp\/v2\/users\/5"}],"replies":[{"embeddable":true,"href":"https:\/\/www.adaje.ch\/wordpress\/wp-json\/wp\/v2\/comments?post=127"}],"version-history":[{"count":26,"href":"https:\/\/www.adaje.ch\/wordpress\/wp-json\/wp\/v2\/pages\/127\/revisions"}],"predecessor-version":[{"id":5854,"href":"https:\/\/www.adaje.ch\/wordpress\/wp-json\/wp\/v2\/pages\/127\/revisions\/5854"}],"wp:attachment":[{"href":"https:\/\/www.adaje.ch\/wordpress\/wp-json\/wp\/v2\/media?parent=127"}],"curies":[{"name":"wp","href":"https:\/\/api.w.org\/{rel}","templated":true}]}}

<p class="wp-block-paragraph">Lien entre le comité de l’ADAJE et ses membres, le journal «L’Ermite herbu» paraît deux fois par an, au printemps et en automne. Les lecteurs et lectrices y trouvent des articles variés consacrés à des sujets en rapport avec la nature ainsi que des nouvelles sur les activités proposées par l’association et le Jardin botanique.</p>



<p class="wp-block-paragraph">La palette des rubriques s’étend de l’éditorial aux clins d’œil photographiques, en passant par les contributions scientifiques (biodiversité, ethnobotanique, botanique insolite, résultats de recherches universitaires, etc.), la présentation des expositions temporaires et d’ouvrages sur la flore et bien d’autres thèmes encore.</p>



<p class="wp-block-paragraph">Un inventaire des éditions déjà publiées se trouve sous le lien suivant: <a href="http://www.lermitage.ch/ADAJE" target="_blank" rel="noreferrer noopener">www.lermitage.ch/ADAJE</a></p>



<figure class="wp-block-gallery has-nested-images columns-default is-cropped wp-block-gallery-1 is-layout-flex wp-block-gallery-is-layout-flex">
<figure class="wp-block-image size-large"><img decoding="async" data-id="159" src="https://eperexal.myhostpoint.ch/wp-content/uploads/2022/04/ermite-herbur-63-septembre-2021.png" alt="" class="wp-image-159"/></figure>



<figure class="wp-block-image size-large"><img decoding="async" data-id="158" src="https://eperexal.myhostpoint.ch/wp-content/uploads/2022/04/ermite-herbur-62-avril-2021.png" alt="" class="wp-image-158"/></figure>



<figure class="wp-block-image size-large"><img decoding="async" data-id="157" src="https://eperexal.myhostpoint.ch/wp-content/uploads/2022/04/ermite-herbur-61-septembre-2020.png" alt="" class="wp-image-157"/></figure>



<figure class="wp-block-image size-large"><img decoding="async" data-id="156" src="https://eperexal.myhostpoint.ch/wp-content/uploads/2022/04/ermite-herbur-60-avril-2020.png" alt="" class="wp-image-156"/></figure>



<figure class="wp-block-image size-large"><img decoding="async" data-id="155" src="https://eperexal.myhostpoint.ch/wp-content/uploads/2022/04/ermite-herbu-59-septembre-2019.jpg" alt="" class="wp-image-155"/></figure>



<figure class="wp-block-image size-large"><img decoding="async" data-id="154" src="https://eperexal.myhostpoint.ch/wp-content/uploads/2022/04/ermite-herbu-56-avril-2018.png" alt="" class="wp-image-154"/></figure>



<figure class="wp-block-image size-large"><img decoding="async" data-id="153" src="https://eperexal.myhostpoint.ch/wp-content/uploads/2022/04/ermite-herbu-55-septembre-2017.png" alt="" class="wp-image-153"/></figure>



<figure class="wp-block-image size-large"><img decoding="async" data-id="152" src="https://eperexal.myhostpoint.ch/wp-content/uploads/2022/04/ermite-herbu-54-avril-2017.png" alt="" class="wp-image-152"/></figure>



<figure class="wp-block-image size-large"><img decoding="async" data-id="151" src="https://eperexal.myhostpoint.ch/wp-content/uploads/2022/04/ermite-herbu-53-septembre-2016.png" alt="" class="wp-image-151"/></figure>



<figure class="wp-block-image size-large"><img decoding="async" data-id="150" src="https://eperexal.myhostpoint.ch/wp-content/uploads/2022/04/ermite-herbu-52-avril-2016.png" alt="" class="wp-image-150"/></figure>



<figure class="wp-block-image size-large"><img decoding="async" data-id="149" src="https://eperexal.myhostpoint.ch/wp-content/uploads/2022/04/ermite-herbu-51-novembre-2015.png" alt="" class="wp-image-149"/></figure>
</figure>



<div class="wp-block-group"><div class="wp-block-group__inner-container is-layout-flow wp-block-group-is-layout-flow">
<figure class="wp-block-gallery has-nested-images columns-default is-cropped wp-block-gallery-2 is-layout-flex wp-block-gallery-is-layout-flex"></figure>



<p class="wp-block-paragraph"></p>
</div></div>



<p class="wp-block-paragraph"></p>

<p>Lien entre le comité de l’ADAJE et ses membres, le journal «L’Ermite herbu» paraît deux fois par an, au printemps et en automne. Les lecteurs et lectrices y trouvent des [&hellip;]</p>
