{"id":119,"date":"2015-07-08T21:42:10","date_gmt":"2015-07-08T20:42:10","guid":{"rendered":"http:\/\/lisajoly.myhostpoint.ch\/wordpress_ljoly\/?page_id=119"},"modified":"2024-11-25T20:43:53","modified_gmt":"2024-11-25T19:43:53","slug":"lassociation","status":"publish","type":"page","link":"https:\/\/www.adaje.ch\/wordpress\/lassociation\/","title":{"rendered":"Association et contact"},"content":{"rendered":"<h2>Composition du comit\u00e9<\/h2>\n<p><strong>Pr\u00e9sident:<\/strong> Georges de Montmollin<br \/>\n<strong>Vice-pr\u00e9siden<\/strong><strong>t:<\/strong> Jason Grant<br \/>\n<strong>Secr\u00e9taire:<\/strong> Elisabeth Pastor<br \/>\n<strong>Tr\u00e9sorier:<\/strong> Hoang L\u00ea<br \/>\n<strong>R\u00e9dactrice de l\u2019Ermite herbu:<\/strong> Fabienne Montandon<br \/>\n<strong>Metteur en page de L\u2019Ermite herbu:<\/strong> Paul-Etienne Montandon<br \/>\n<strong>Responsable page internet:<\/strong> Cornelia Neubacher Kessler<\/p>\n<p><strong>Contact: info@adaje.ch<br \/>\nADAJE, c\/o Jardin botanique<br \/>\nPertuis-du-Sault 58<br \/>\n2000 Neuch\u00e2tel<\/strong><\/p>\n<p><a href=\"http:\/\/www.adaje.ch\/wordpress\/wp-content\/uploads\/2024\/11\/Statuts-ADAJE_2022.pdf\" target=\"_blank\" rel=\"noopener\">Statuts<\/a><\/p>\n<p><a style=\"pointer-events: none;\" href=\"http:\/\/www.adaje.ch\/wordpress\/wp-content\/uploads\/2018\/09\/Adaje_flyer_nature.pdf\" target=\"_blank\" rel=\"noopener noreferrer\">Flyer de pr\u00e9sentation<\/a><\/p>\n<h1>&nbsp;<\/h1>\n<p>&nbsp;<\/p>\n","protected":false},"excerpt":{"rendered":"<p>Composition du comit\u00e9 Pr\u00e9sident: Georges de Montmollin Vice-pr\u00e9sident: Jason Grant Secr\u00e9taire: Elisabeth Pastor Tr\u00e9sorier: Hoang L\u00ea R\u00e9dactrice de l\u2019Ermite herbu: Fabienne Montandon Metteur en page de L\u2019Ermite herbu: Paul-Etienne Montandon [&hellip;]<\/p>\n","protected":false},"author":5,"featured_media":0,"parent":0,"menu_order":2,"comment_status":"closed","ping_status":"closed","template":"","meta":{"ngg_post_thumbnail":0,"_price":"","_stock":"","_tribe_ticket_header":"","_tribe_default_ticket_provider":"","_tribe_ticket_capacity":"0","_ticket_start_date":"","_ticket_end_date":"","_tribe_ticket_show_description":"","_tribe_ticket_show_not_going":false,"_tribe_ticket_use_global_stock":"","_tribe_ticket_global_stock_level":"","_global_stock_mode":"","_global_stock_cap":"","_tribe_rsvp_for_event":"","_tribe_ticket_going_count":"","_tribe_ticket_not_going_count":"","_tribe_tickets_list":"[]","_tribe_ticket_has_attendee_info_fields":false,"footnotes":"","_tec_slr_enabled":"","_tec_slr_layout":""},"class_list":["post-119","page","type-page","status-publish","hentry"],"ticketed":false,"_links":{"self":[{"href":"https:\/\/www.adaje.ch\/wordpress\/wp-json\/wp\/v2\/pages\/119","targetHints":{"allow":["GET"]}}],"collection":[{"href":"https:\/\/www.adaje.ch\/wordpress\/wp-json\/wp\/v2\/pages"}],"about":[{"href":"https:\/\/www.adaje.ch\/wordpress\/wp-json\/wp\/v2\/types\/page"}],"author":[{"embeddable":true,"href":"https:\/\/www.adaje.ch\/wordpress\/wp-json\/wp\/v2\/users\/5"}],"replies":[{"embeddable":true,"href":"https:\/\/www.adaje.ch\/wordpress\/wp-json\/wp\/v2\/comments?post=119"}],"version-history":[{"count":14,"href":"https:\/\/www.adaje.ch\/wordpress\/wp-json\/wp\/v2\/pages\/119\/revisions"}],"predecessor-version":[{"id":5861,"href":"https:\/\/www.adaje.ch\/wordpress\/wp-json\/wp\/v2\/pages\/119\/revisions\/5861"}],"wp:attachment":[{"href":"https:\/\/www.adaje.ch\/wordpress\/wp-json\/wp\/v2\/media?parent=119"}],"curies":[{"name":"wp","href":"https:\/\/api.w.org\/{rel}","templated":true}]}}

<h2>Composition du comité</h2>
<p><strong>Président:</strong> Georges de Montmollin<br />
<strong>Vice-présiden</strong><strong>t:</strong> Jason Grant<br />
<strong>Secrétaire:</strong> Elisabeth Pastor<br />
<strong>Trésorier:</strong> Hoang Lê<br />
<strong>Rédactrice de l’Ermite herbu:</strong> Fabienne Montandon<br />
<strong>Metteur en page de L’Ermite herbu:</strong> Paul-Etienne Montandon<br />
<strong>Responsable page internet:</strong> Cornelia Neubacher Kessler</p>
<p><strong>Contact: info@adaje.ch<br />
ADAJE, c/o Jardin botanique<br />
Pertuis-du-Sault 58<br />
2000 Neuchâtel</strong></p>
<p><a href="http://www.adaje.ch/wordpress/wp-content/uploads/2024/11/Statuts-ADAJE_2022.pdf" target="_blank" rel="noopener">Statuts</a></p>
<p><a style="pointer-events: none;" href="http://www.adaje.ch/wordpress/wp-content/uploads/2018/09/Adaje_flyer_nature.pdf" target="_blank" rel="noopener noreferrer">Flyer de présentation</a></p>
<h1>&nbsp;</h1>
<p>&nbsp;</p>

<p>Composition du comité Président: Georges de Montmollin Vice-président: Jason Grant Secrétaire: Elisabeth Pastor Trésorier: Hoang Lê Rédactrice de l’Ermite herbu: Fabienne Montandon Metteur en page de L’Ermite herbu: Paul-Etienne Montandon [&hellip;]</p>
